actors of x?
2, 7, 13
List the prime factors of -2*3/(24/(-124)).
31
Let f = -61 - -89. What are the prime factors of f?
2, 7
Let k = 61 + -37. List the prime factors of k.
2, 3
Let d be 2/8 + 87/(-12). Let f(j) = -3*j - 10. Let k be f(d). Suppose -v - 1 = -5*c - 2, 5*c = -v + k. What are the prime factors of v?
2, 3
Let q(b) = -b + 1. Let s be q(-3). Suppose -26 = -s*z + 74. Let w = z + -18. List the prime factors of w.
7
Suppose -2*l - 3 = 3*f - 5, 18 = -f + 4*l. List the prime factors of 3*2*(-1)/f.
3
Suppose l = -3*q + 877, 2*q - 3*l = -0*l + 603. Suppose 2*z + 2*z + 312 = 5*h, -q = -5*h - 2*z. What are the prime factors of 2 - 0 - h/(-4)?
17
Let u be 1*(0/1 - -5). Suppose 0 = 4*z - u*z + 14. What are the prime factors of z?
2, 7
Suppose -2*n - 2*v + 204 = 0, -3*n + 0*v + 302 = 4*v. List the prime factors of n.
2, 53
Let d be 1*-3 - (2 - 15). Suppose 3 - d = -o. Let c = o + -4. What are the prime factors of c?
3
Suppose -j + 6*j + 2*n = -16, -n + 7 = -5*j. List the prime factors of (j/(-4))/(2/16).
2
List the prime factors of (-12)/3 - 134/(-1).
2, 5, 13
Let q(c) = 3*c**3 + 2*c - 3. Let p be (3 + -1)*2/2. List the prime factors of q(p).
5
Suppose -a - m + 1 = -5, a - 4*m + 9 = 0. List the prime factors of a.
3
Suppose 3 = -5*m + 6*m. Suppose f - 36 = -m*f. Suppose 0*c = -c + f. What are the prime factors of c?
3
Suppose 0 = -4*c - 4*j - 4, -2*c + 6*c - 2*j - 14 = 0. Suppose k = -c*k + 6. Suppose 0 = -2*s - s, -3 = -g - k*s. List the prime factors of g.
3
Let d = -71 + 149. What are the prime factors of d?
2, 3, 13
Let s be (2/(-6))/(6/1062). What are the prime factors of (-1)/2*(-9 + s)?
2, 17
Let v(t) = -2*t - 4*t + t - 1. Let s be v(-1). What are the prime factors of 10/s - (-2)/4?
3
Suppose -4*f + 5*w - 5 = -30, -4*f = w + 5. Suppose f*z + 3*z - 15 = 0. What are the prime factors of z?
5
Let c = 4 + -2. Suppose -2 = -l + c*l. Let p(i) = 2*i**2 + i + 2. What are the prime factors of p(l)?
2
Let i(z) = -z - 4. List the prime factors of i(-8).
2
Let t(w) = -3*w - 8. Suppose 4*r + 0*r = -24. List the prime factors of t(r).
2, 5
Let x(l) = l - 2. List the prime factors of x(6).
2
Let o(w) = -w**3 + 7*w**2 - 7*w + 6. List the prime factors of o(4).
2, 13
Suppose w = -4*w - 195. Let g = 88 + w. What are the prime factors of g?
7
Let m(u) = -u + 86. What are the prime factors of m(23)?
3, 7
Suppose 0*z + i = -5*z - 8, 5*z - 1 = 2*i. Let y(u) = -5 - 2*u - 4*u**3 + 0 + 4. What are the prime factors of y(z)?
5
Let i be 5/((-15)/(-6)) - -2. Suppose 0 = 5*k - i - 16. What are the prime factors of k?
2
What are the prime factors of (-16)/4*(-55)/4?
5, 11
Suppose 0 = -y - 0*y + 15. Let a = -7 + 1. Let p = y + a. List the prime factors of p.
3
Let m be ((-12)/(-10))/((-3)/10). Let t = m - -9. Suppose -n = -v + 4*n + 3, 0 = -t*v + 2*n + 61. List the prime factors of v.
13
Suppose -5*i = -5*f + f + 528, -5*f - 4*i + 701 = 0. List the prime factors of f.
137
Let r be (-2 + 3)*1*2. Suppose -r*g - 11 = -5*o - 0*o, -10 = -5*g. List the prime factors of (-1)/(-3)*o + 1.
2
Suppose 4 + 2 = 4*j + 3*h, -2*j + 4*h = -14. Suppose j*c - 6 = -0. Let i = 8 - c. What are the prime factors of i?
2, 3
Suppose -2*v = 3*w + 10, w + 2*w - v = -22. Let b(c) be the third derivative of c**6/120 + c**5/10 - c**4/12 + c**2. What are the prime factors of b(w)?
2, 3
Let h(x) be the third derivative of x**4/12 - 13*x**3/6 - x**2. Let j be h(9). Suppose -20 = -j*b + 3*b. What are the prime factors of b?
2, 5
Suppose -3*n - 40 = -8*n. Suppose 100 = 3*b - n*b. List the prime factors of (1 - b)*1/3.
7
Let q = -2 + 7. Let m(z) = 2*z - 2. What are the prime factors of m(q)?
2
Let t = 29 - 17. What are the prime factors of t?
2, 3
Suppose -5*k + 8*k = 0. Suppose 0 = 4*g - 4*z, -g - z + k - 6 = 0. What are the prime factors of (g - -1) + (-63)/(-3)?
19
Suppose -3*t + 2*t = -2. Let j be (-45)/6 - 1/(-2). What are the prime factors of (-37)/j + t/(-7)?
5
Let n be (1 + 0)*-4*-1. Suppose 3*g = -4*s + 57, -3*s - 3*g = g - 41. Suppose n*z - s = -z. List the prime factors of z.
3
Suppose 2*q - 104 = -0*q + t, 0 = 5*q + 2*t - 269. What are the prime factors of q?
53
Let l(v) be the third derivative of v**6/120 - v**5/20 - v**4/24 + 2*v**3/3 + 2*v**2. Let m be l(3). Let w = 16 - m. List the prime factors of w.
3, 5
Let j = -49 + 20. Let t = j - -50. List the prime factors of t.
3, 7
Suppose 4*h - 5 = 3*h. Suppose 4*f = -h*r + 35 + 24, -f = -3*r - 19. List the prime factors of f.
2
Suppose 0 = -2*t - c + 10, 5*t + 4*c - 25 = -0*t. Let g(b) = -b**2 - 3*b + 2. Let d be g(-3). Let f = d + t. What are the prime factors of f?
7
Let o(p) = 39*p - 52. What are the prime factors of o(6)?
2, 7, 13
Let u(a) = -a**2 + 5*a + 6. Let m(s) = 4*s**2 - 15*s - 19. Let g(b) = -2*m(b) - 7*u(b). List the prime factors of g(-3).
2
Let a = 7 - -19. What are the prime factors of a?
2, 13
Suppose 3*m - 5*a - 268 = 0, -a = -m - 3*m + 346. List the prime factors of m.
2, 43
Let b(h) = -h**3 - 5*h**2 - 3*h + 4. Let p be b(-4). Let q = p - -1. List the prime factors of (-1)/(-2)*4*q.
2
Suppose -32 - 6 = -2*q. What are the prime factors of q?
19
Let l = 217 + -145. Let n = -28 + l. What are the prime factors of n?
2, 11
Let x(h) be the first derivative of -h**4/4 + h**3/3 - 2. Let g be x(0). Suppose 2*r + g*r + 34 = 2*b, -3*b = 4*r - 16. What are the prime factors of b?
2, 3
List the prime factors of (2/(8/57))/((-9)/(-36)).
3, 19
Let p(i) = -i + 7. Let g be p(8). List the prime factors of (-27 - (-1 + 0))*g.
2, 13
What are the prime factors of ((-798)/12)/((-1)/4)?
2, 7, 19
Let a = 18 - 18. List the prime factors of ((-20)/1)/(-1 - a).
2, 5
Let f = -4 + 0. Let r(x) = -x - 4. Let y be r(f). Suppose y*t = t - 11. What are the prime factors of t?
11
Suppose -110 = -3*m + m. List the prime factors of m.
5, 11
Let b be ((-9)/4)/((-27)/72). Let h(n) = -n**2 + 9*n - 9. List the prime factors of h(b).
3
Suppose -22 = -4*l + 3*m - 5*m, 3*l = -m + 14. Let c(r) = r. Let q be c(l). Suppose q*v - 2*v - 7 = 0. What are the prime factors of v?
7
Let j(a) = a**3 + 7*a**2 - 11*a - 7. List the prime factors of j(-7).
2, 5, 7
Let g be (-20)/(-35) - 244/(-14). Suppose -2*i = t + 15, 3*i - t = 4*t - 29. Let s = g + i. List the prime factors of s.
2, 5
Let n(l) = -3*l - 3. Let i(p) = -3*p - 4. Let x(d) = 5*i(d) - 6*n(d). What are the prime factors of x(9)?
5
Let m be (392/12)/((-2)/(-3)). Let q = 70 - m. List the prime factors of q.
3, 7
Suppose t - 4 = 37. What are the prime factors of t?
41
Suppose -n - 5*a - 19 = -0*n, 5*a - 25 = 0. Let q = n - -62. List the prime factors of q.
2, 3
Let w be 66/14 - 16/(-56). Suppose 0 = 6*z - z + 15, y - w*z = 47. What are the prime factors of y?
2
Suppose -2 + 14 = 4*g. Suppose 5*p - 15 = 0, 0 = 3*r + 2*p + g*p - 24. Suppose -3*c = r*f - 39, 2*c - 23 = f - 6*f. What are the prime factors of c?
2, 7
Let t = 368 - 111. List the prime factors of t.
257
Suppose 0 = 6*f - 2*f + v - 13, 3*f = 5*v + 27. Suppose 3*k + 0*k = 12, 0 = f*o + 5*k - 84. What are the prime factors of o?
2
Suppose 2*o - 30 = -5*b, 0 = 2*b - 0*b - o - 21. Suppose u - 5*u + b = 0. What are the prime factors of u?
2
Suppose g - 5 = 10. What are the prime factors of g?
3, 5
Let c(g) = g + 2. What are the prime factors of c(0)?
2
Let a(v) = v**3 - 12*v**2 - v + 11. Let t be a(12). What are the prime factors of (t + 2)/((-8)/(-72))?
3
Let n(y) = y**2 + 4*y + 5. Let f be n(-4). Let g = f + -1. Suppose 5*z = -3*x + 7*x + 50, 4*z - g*x - 40 = 0. What are the prime factors of z?
2, 5
Let f(c) = c - 1. Let v be f(1). Suppose v*t = -4*t + 36. What are the prime factors of t?
3
Suppose -91 = -6*o + 17. List the prime factors of o.
2, 3
Let j(v) = 3*v - 8. What are the prime factors of j(6)?
2, 5
Let c(o) = -o**3 - 3*o**2 + 4*o - 2. Let f be c(-4). Let d be f + 2 + 14 + -2. Suppose 4*i - d = -0. What are the prime factors of i?
3
Let u = -70 - -172. List the prime factors of u.
2, 3, 17
Suppose -62 - 22 = -2*v + 2*r, -164 = -4*v + 3*r. List the prime factors of v.
2, 19
Let m be (-94)/(-18) + (-6)/27. Suppose -2*w - 4*s + 65 = -5*s, w + m*s - 49 = 0. Suppose 3*r = -1 + w. List the prime factors of r.
11
Suppose 0*o = 2*o - 3*a + 3, o - a = 0. Suppose o*t - 36 = -0*t. What are the prime factors of t?
2, 3
What are the prime factors of 33337/371 + (-2)/1